 the units digit of (o/(-3))/((-2)/123)?
2
Let p = 319 + -196. What is the units digit of p?
3
What is the tens digit of (-2)/((-2)/(-1))*9113/(-13)?
0
What is the hundreds digit of 7 - ((5 - 7) + -324)?
3
Let b(v) be the third derivative of -v**4/24 + 49*v**3 + 10*v**2 + 2. What is the tens digit of b(0)?
9
Suppose -119*i - 4 = -120*i, -4*i = 4*y - 3528. What is the tens digit of y?
7
Let t = -85 + 86. What is the tens digit of ((-2)/(-4))/t - 6233/(-46)?
3
Let h(a) = 720*a**2 + 16*a + 19. What is the units digit of h(-2)?
7
Let q(s) = -s**2 - 7*s + 1. Suppose -4*w = 1 + 3. Let g be 5*((-3)/(-15) + w). What is the tens digit of q(g)?
1
Let k(l) = 2*l - 26. Let o be k(15). Suppose 0 = -4*f - 8, 3*f + 2*f - 74 = -o*c. What is the tens digit of c?
2
Let y(i) = -74*i + 43. What is the tens digit of y(-10)?
8
Let g(t) = t**3 - 26*t**2 + 8*t - 73. What is the hundreds digit of g(26)?
1
Let p(b) = -6*b**3 - b**2 + b + 1. Let u(z) = 12*z**3 + 3*z**2 - 2*z - 2. Let m(q) = 5*p(q) + 2*u(q). What is the tens digit of m(-2)?
5
Let j = -2106 - -3265. What is the tens digit of j?
5
Let a(r) = r**2 - 4*r + 4. Let f be a(4). Suppose 12 = 4*d + f*i, -4*d + 5*i - 12 = i. Suppose 3*o = -0*c - c + 58, d = 3*c + 15. What is the units digit of o?
1
Let s(q) = -q**3 + 13*q**2 - 8*q - 2. Let k be s(11). Suppose 33 + 46 = x + j, 2*x = -4*j + k. What is the units digit of x?
2
Let c(z) = -14*z + 22. What is the tens digit of c(-25)?
7
Let t = 2864 - 1029. What is the hundreds digit of t?
8
Suppose 14 + 1 = 3*l. Let b be 3 - (-4 + 1)/(-3). Suppose 0 = 5*p + 5*d - 150, -l*p - 60 + 210 = b*d. What is the units digit of p?
0
Suppose 0 = 3*b - d - 3725, 0 = 4*b + 19*d - 16*d - 4984. What is the tens digit of b?
4
Let n = -140 + 143. Suppose -492 = -n*d - a, -656 = -4*d - a - 2*a. What is the hundreds digit of d?
1
Suppose 16*o - 27236 + 1908 = 0. What is the thousands digit of o?
1
Suppose -y + 3*a - 5 = 7*a, -35 = -5*y - 5*a. Suppose y*f = -f + 1920. What is the hundreds digit of f?
1
Let j = -20 - -25. Suppose -22 - 73 = j*r. What is the tens digit of 31 + r - (-1 - 1)?
1
Let h(m) = m + 1. Let f(l) = -4*l - 11. Let a(p) = 2*f(p) + 10*h(p). Let s be a(12). Suppose s = 3*d, 2*q + 5*d = 4*q - 24. What is the units digit of q?
2
Let s be (-16)/(-24)*3906/2. What is the hundreds digit of ((-6)/(-12))/(3/s)?
2
Let m be (24/(-3))/((-8)/324). Let r be (-2)/5 - m/15. Let g = 1 - r. What is the units digit of g?
3
Let p(w) = w**2 + 5*w + 5. Let t be p(13). Let d = 336 - t. What is the tens digit of d?
9
Let n(o) = o**2 - o + 1. Let b(a) = -22*a**2 - a + 13. Let q(s) = -b(s) + 6*n(s). What is the tens digit of q(-2)?
1
Suppose -k + 86 = -45. What is the units digit of k?
1
Suppose -5*u + z - 130 = 0, -2*u = u + 3*z + 60. Let k = u + 29. What is the units digit of k?
4
What is the tens digit of (-918)/((-4 - -4) + -2)?
5
What is the hundreds digit of 1976 + (-4)/(-4*4/(-16))?
9
Suppose 0*i - 1320 = -11*i. What is the hundreds digit of i?
1
Suppose -5*a = -5*t + 25640, -20508 = -4*t + 8*a - 6*a. What is the units digit of t?
6
Suppose -n = -b - 2, 0*n - n - 2*b = -2. Let w be 2 - n*3/(-6). Suppose 2*i = m - 22, -w*m - 3*i - 18 + 48 = 0. What is the units digit of m?
4
Suppose -5*r - 9140 = 5*t, 0 = t + 5*r + 1696 + 116. What is the hundreds digit of 8/36 - t/18?
1
Suppose -10*d + 2856 = -1324. What is the hundreds digit of d?
4
Let b(y) = 5096*y**2 + 86*y - 84. What is the hundreds digit of b(1)?
0
Let j(b) = -b**3 + 27*b**2 + 5*b + 20. Let l be (-4)/(-14) + (-3553)/(-133). What is the tens digit of j(l)?
5
Let d(l) = -l**2 + 6*l - 3. Let x be d(6). Let i be -1*(x - 159)/2. Suppose -3*j - i = -5*r - 0*j, 0 = 4*r + 2*j - 56. What is the tens digit of r?
1
Suppose 0 = 2*r + 4*n - 2724, -3 = -4*n - 19. What is the hundreds digit of r?
3
Let s(k) = -37*k - 4. Let w be s(4). Let r = -123 + -93. Let l = w - r. What is the units digit of l?
4
Let c(r) = 8*r**2 - 28. Let i(f) = 10*f**2 - f - 30. Let g(x) = -6*c(x) + 5*i(x). Let a(s) = s + 1. Let h be a(5). What is the units digit of g(h)?
0
What is the units digit of ((-36)/30)/(5/(-6025))?
6
Suppose 5*v = 1 + 9. Let h be v*3*(-3)/2. Let i(y) = -2*y + 7. What is the tens digit of i(h)?
2
Suppose 401*y + 272 = 405*y. Let g = y - -3. What is the tens digit of g?
7
Let i(g) be the third derivative of -g**5/60 + g**4/8 - g**3 + g**2. Let z(m) = -m - 1. Let s(h) = -i(h) - 3*z(h). What is the units digit of s(0)?
9
Let x = -4 - 33. Let o = 81 - x. What is the tens digit of o?
1
Let p(w) = -w**2 - 3*w + 3. Let y be p(-5). Let s = 11 + y. Suppose 0 = l + s*l - 80. What is the units digit of l?
6
Let h(j) = -j**3 - 10*j**2 - 12*j + 4. Let q(z) = -z**2 + 7*z. Let r be q(7). Suppose 9 = -t - r*t. What is the units digit of h(t)?
1
What is the units digit of (-72631)/(-14) - 48/(-672)?
8
Let q(o) be the third derivative of o**5/12 + o**4/24 + o**3/3 - 7*o**2. Let w be q(-3). Let f = 65 - w. What is the tens digit of f?
2
Let z = 5 - -4. Let a be -2 - (z + 0 - 1). Let y = a - -17. What is the units digit of y?
7
Let k = 1352 - 468. Suppose -6*q + 2*q = 2*h - k, 8 = -2*h. What is the hundreds digit of q?
2
Suppose -5 = -2*u - 3*u. Suppose -26 + 6 = -5*r. What is the units digit of (-1507)/(-44) - u/r?
4
Let k(o) = -10*o + 5. Suppose g - 1 + 5 = 0. What is the units digit of k(g)?
5
Suppose -o = -0*o - 4. Suppose 3*q = -o*w + 14, 5*w - 12 = -5*q + 8. Suppose 4 = w*h - 18. What is the tens digit of h?
1
Let n = 34 - 32. Suppose n*k - 59 = 9. What is the tens digit of k?
3
Let o = 61 + 381. What is the tens digit of o?
4
Let w(s) = s**2 + 2. Let t be w(2). What is the tens digit of (t/18)/((-2)/(-552))?
9
Let r be 3 + ((-1)/(-3))/(2/12). Suppose 5*v + 2*a - 242 = 0, 4*v - 31 = -r*a + 166. What is the tens digit of v?
4
Suppose -32 = 2*y + 3*a, -4 = 2*y - a + 28. Let v = 26 + -45. Let s = y - v. What is the units digit of s?
3
Let o = 45 - -171. Suppose -v = 3*v - o. What is the units digit of v?
4
Let c = 326 + -169. Let r = -47 + c. What is the units digit of r?
0
Suppose 10*h - 47312 + 10012 = 0. What is the thousands digit of h?
3
Let t be (-4)/3*(12 - 6). Let s(o) = -5*o**2 - o**3 - 3*o**2 + 0*o + 2 - o. What is the units digit of s(t)?
0
Let y be (40/12)/(2/(-3)). What is the tens digit of (-7)/((-35)/855) - y?
7
Let h = -50 + 234. Suppose 42 + 9 = u - l, -4*u + h = l. What is the tens digit of u?
4
Let m(t) be the first derivative of -t**4/4 - 11*t**3/3 - 11*t**2 - 12*t + 7. What is the hundreds digit of m(-10)?
1
Suppose 0 = 2*t - 7*u + 4*u - 32, u - 26 = -3*t. Suppose 4*o = 22 - t. What is the tens digit of (8 - 5)/(o/10)?
1
Let f(u) be the first derivative of 2*u**2 - 6*u**2 - 2*u + 5*u**2 - 7. What is the units digit of f(5)?
8
Suppose -r + 18 = 5*h, 6 = -5*h + 21. Suppose -r*l = 46 - 121. Suppose -3*g = -2*g - l. What is the units digit of g?
5
Let g(w) = -w**3 - 2*w**2 + 2*w + 1. Let h be g(-3). Let d = h - -19. What is the units digit of d?
3
Let p = 8 + -5. Let g(o) = o**3 - 8*o**2 - 3*o + 28. Let y be g(8). Suppose -8 = 2*n + 5*q - 64, 0 = -p*n + y*q + 130. What is the tens digit of n?
3
Suppose 4*k - 6 = 2*o + 64, 74 = 5*k + 2*o. What is the units digit of k?
6
Suppose k - 11 = -2*k + r, -13 = -2*k - 5*r. What is the units digit of (-222)/k*20/(-30)?
7
Let x = 5752 + -2755. What is the hundreds digit of x?
9
Let d(s) be the first derivative of 1/3*s**3 + 6 + 3*s - s**2. What is the units digit of d(5)?
8
Suppose 3*u = -13*u + 42176. What is the thousands digit of u?
2
Suppose -82*g + 2184 = -78*g. What is the hundreds digit of g?
5
Let k = 1290 - 819. What is the tens digit of k?
7
What is the hundreds digit of (-137)/(11/((-2288)/8))?
5
Let v(t) = t**3 + 11*t**2 - 2*t - 12. Let f(h) = -3*h**3 - 23*h**2 + 3*h + 25. Let q(c) = -2*f(c) - 5*v(c). What is the tens digit of q(10)?
5
Suppose 16*g - 15 = 11*g. Let i(y) = y**3 - 5*y + 1. What is the tens digit of i(g)?
1
Suppose 0 = -8*q + 10*q + 62. Let x = 1 - q. What is the tens digit of x?
3
Let r be ((-9)/(-3))/(-3) + 0. Let y = 4 + r. Suppose -4*a = y*s - 235, -5*a = -a + 5*s - 245. What is the tens digit of a?
5
Let u(f) = -f**2 - 4*f + 2. Let m be u(-3). Suppose 3*w - 4 = 2. Suppose 3*j = 4*d + 55, w*d - 3*d = -m*j + 86. What is the units digit of j?
7
What is the units digit of ((-4)/(-3